 = 10 + 1. Let t(g) = -g**2 + 40*g - 111. Let z be t(3). Suppose z = -5*q + 441 - l. What is the greatest common factor of q and 129?
43
Suppose 18*q + n = 21*q - 737, -1195 = -5*q - 5*n. Calculate the greatest common divisor of 3538 and q.
122
Let g(z) = 5*z**2 - 33*z + 1129. Let l be g(25). What is the highest common factor of l and 27?
27
Let g = -4871 + 5311. What is the highest common factor of 600 and g?
40
Let x = -6735 + 6740. Calculate the greatest common divisor of x and 745.
5
Let p = -320 + 450. Let q = p + 134. What is the highest common factor of q and 48?
24
Let s(j) = 35*j**2 + 60*j - 324. Let r be s(5). What is the greatest common divisor of r and 148?
37
Suppose 2*c = 4*p + 2130, -1305 = 4*p + 5*c + 832. Let q = 535 + p. Calculate the highest common divisor of q and 7.
1
Let p = -13727 + 13832. Calculate the highest common divisor of p and 180.
15
Let f = 3 - -2. Suppose 0 = -h - 3, -f*c - 2*h + 900 = 256. Calculate the highest common factor of 182 and c.
26
Let d(f) = 5*f + 124. Let s be d(9). Calculate the greatest common factor of s and 26.
13
Let q be (-3 - 2646/(-30))/(34/255). What is the greatest common divisor of 9 and q?
9
Suppose -22*l + 3*l - 228 = 0. Let s be ((-15)/(-3) + l)*114/(-7). Let r = 128 - -157. Calculate the highest common divisor of s and r.
57
Let k(j) = -43*j - 3224. Let y be k(-78). Calculate the greatest common divisor of y and 270.
10
Let p be (2 + -5)/((-6)/70). Suppose 8*m = 60*m - 0*m - 364. Calculate the greatest common divisor of m and p.
7
Suppose 4*h = 2*y - 854, 30*h - 2 = 28*h. What is the highest common factor of y and 363?
33
Let k = 67 + -48. Let f = 5110 - 5101. Suppose f*m + 580 = k*m. What is the greatest common factor of 174 and m?
58
Let a be (5 - 3)/(4/322). Let s = a - 56. Let c be (12 + (-57)/5)/(2/50). Calculate the greatest common divisor of s and c.
15
Suppose -5*g = 3*o - 489, 3*g - g + 3*o - 192 = 0. Suppose -350*s + 433125 = 1525*s. Calculate the highest common factor of g and s.
33
Suppose -1809 = -8*f + 2871. Suppose -2*l = -y - y + 1210, 3*l = -y + f. Suppose 2*u + 3*u = y. Calculate the greatest common factor of u and 15.
15
Let i(k) = -k + 19. Let l be i(8). Suppose r = l - 13. Let m be ((-25)/(-10))/((-1)/r). What is the greatest common factor of 2 and m?
1
Let y be (1 - -3)/(1/(-3) + 1). Suppose -y = -2*b + 4. Suppose -460 = -4*h + b*n, -2*h + 228 = -3*n + n. Calculate the highest common divisor of 44 and h.
22
Let x(v) = -v**3 + 29*v**2 + 8*v + 111. Let h be x(29). Calculate the highest common factor of 1568 and h.
49
Suppose -15324*d = -15295*d - 1015. Let u = 227 - -53. What is the greatest common divisor of u and d?
35
Suppose -3529 = -30*q + 71. What is the greatest common factor of 380 and q?
20
Let f = 1794 - 1762. Suppose -p = -5*j - 103, -5*j - 2*p = p + 91. Let k be ((-180)/75)/(6/j). Calculate the greatest common factor of k and f.
8
Suppose 0 = -2*r + 4*l + 2938, -r - 78*l = -82*l - 1463. What is the greatest common divisor of 531 and r?
59
Suppose 2*q = -5*f + 129, -3*f - 2*q = -f - 48. Suppose 0 = -2*y - 17 + 7. Let s = y + f. Calculate the highest common divisor of 77 and s.
11
Suppose 11*w - 1509 = -200. What is the highest common factor of 323 and w?
17
Let s = -34 - -63. Let w be ((160/(-15))/8)/(8/(-108)). Suppose w*o = 12*o + 1740. Calculate the highest common factor of s and o.
29
Let h = 264 - 221. Suppose -4*m + 5*y = -100, 4*m + y - 33 = h. What is the highest common divisor of m and 4?
4
Let r = 434 - 428. Suppose r*w = -38*w + 4928. Calculate the highest common factor of w and 14.
14
Let j(m) = 1313*m**2 - 38*m + 39. Let h be j(1). What is the highest common factor of 36 and h?
18
Let r = -11613 - -27608. What is the highest common divisor of r and 5?
5
Suppose -5*q + 9005 = -4*v + 9*v, 3*v + 5*q = 5405. Suppose -k = 23*k - v. What is the greatest common factor of k and 45?
15
Let x(h) be the third derivative of h**5/15 - 7*h**4/6 + 5*h**3/6 + 53*h**2. Let s be x(7). Calculate the highest common factor of 2 and s.
1
Suppose 4*g - 174*v + 179*v - 68024 = 0, 3*g - 5*v = 51088. Calculate the greatest common factor of g and 72.
24
Suppose 117036 + 29205 = 17*u - 78108. What is the highest common factor of u and 318?
159
Suppose -4*y = 3*o - 7020, -4*o - y = -5*y - 9360. Calculate the greatest common factor of o and 325.
65
Suppose 593*o + 576 = 602*o. Calculate the greatest common factor of 1328 and o.
16
Let n = -13 - -29. Let c(t) = 2*t**2 + 15*t - 85. Let i be c(5). What is the greatest common factor of i and n?
8
Let a = -24 + -6. Let m be (84/a)/7 - 3084/(-10). Calculate the greatest common divisor of 77 and m.
77
Suppose -50*w + 6104 = -5295 - 201. Calculate the highest common factor of 7424 and w.
232
Suppose 0 = -24*n + 31*n - 3682. Let q = n + -506. What is the greatest common factor of q and 230?
10
Let z(v) = 41*v + 1041. Let p be z(-17). Calculate the highest common factor of p and 43.
43
Let z be (-12922)/1065 + 4/30 - -12804. What is the greatest common divisor of 12 and z?
12
Let k = 1568 + -774. Let z = 1875 - k. What is the highest common factor of z and 23?
23
Let w(z) = 42*z + 6564. Let r be w(-150). Calculate the greatest common divisor of 824 and r.
8
Suppose 4*h - 28 = -4. Let u(c) = c**3 - 64*c**2 - 67*c + 217. Let w be u(65). What is the highest common factor of h and w?
3
Let x(o) = -o**3 - 39*o**2 + 271*o + 5. Let y be x(6). Calculate the highest common factor of y and 121.
11
Suppose 4*l - 337 + 82 = p, 0 = 5*l - 4*p - 316. Let m = -37 + 66. Let u = 45 - m. What is the highest common factor of u and l?
16
Let v = -1236 + 1912. What is the highest common divisor of 208 and v?
52
Let y = 1193 + -389. What is the highest common divisor of y and 60?
12
Let l be -333*((-26)/(-6) - 8). Calculate the highest common factor of l and 148.
37
Suppose 5*i + 445 = 1995. Let z = 538 - i. What is the highest common factor of 36 and z?
12
Let c = -409 + 411. Suppose -h = 4*a - 17, -h + 4 = 2*a - 11. Suppose 5*b - 5*s - 32 - h = 0, 3*s = -4*b + 57. What is the greatest common factor of b and c?
2
Let p = -51 + 57. Suppose l - b + 0*b = 3, b = 2*l - p. Suppose v - 8 = 2*n, 7 = -v + 2*v - l*n. Calculate the highest common factor of 10 and v.
10
Let r(j) = 2*j + 10. Let z be r(-3). Suppose 5*q + 2*t - 236 = 355, 483 = z*q + 5*t. Suppose -6*y + q = -3*y. What is the highest common factor of 26 and y?
13
Let u = -89 + 84. Let v = u - -15. Suppose v*t + 8 = 148. What is the greatest common factor of 112 and t?
14
Let a(k) = 25*k**2 + 36*k + 347. Let c be a(-7). Calculate the greatest common divisor of c and 72.
24
Let p(c) = 125*c**3 - 3*c**2 + c - 2. Let u be p(1). Calculate the highest common factor of u and 2299.
121
Let i = 10167 - 9999. Let v = 352 + -247. What is the greatest common factor of v and i?
21
Let r(q) = -q**3 + 8*q**2 + q - 1. Suppose -24 = -9*s + 5*s. Let f be r(s). Calculate the highest common factor of 33 and f.
11
Let z be (-4 - -1)/(15/(-10)). Suppose d - 161 = -5*f + f, z*f = -d + 83. Let h = 17388 + -17375. Calculate the greatest common factor of h and f.
13
Let b(s) = -2*s**3 - 12*s**2 - 2*s - 8. Let o be b(-6). Suppose 0 = o*u + 2*u - 72. What is the highest common factor of 3 and u?
3
Suppose -7*a + 10*a - 1905 = 3*r, 0 = 2*r + 12. What is the highest common divisor of 111 and a?
37
Let v(y) = -y**2 + 5*y - 1. Let x be v(6). Let c = 42 + x. Suppose 5*b - 5*d - 5 = 0, -2*b + 13 - 7 = -d. What is the greatest common factor of c and b?
5
Let b be (5/3*23)/((-1)/6). Let m be (6/4)/((-69)/b). What is the highest common factor of 40 and m?
5
Let i = 1 - -7. Let k(n) = 16*n**2 + 8875*n - 53290. Let y be k(6). Calculate the highest common factor of y and i.
8
Let p = -194 + 244. Let n(x) = -75 + 37 - 17*x + 61. Let g be n(-6). What is the highest common factor of g and p?
25
Suppose -10*x + 17664 + 14756 = -0*x. What is the highest common factor of x and 2?
2
Let x be (12*12/2)/((-2)/(-3)). Calculate the highest common divisor of 918 and x.
54
Let d = 59 + -15. Let j(l) = 2*l**2 - 163*l - 1. Let o be j(21). Let k = -2538 - o. What is the highest common divisor of d and k?
4
Let a(g) = g**3 + 2*g**2 + 13*g + 19. Let c be a(-9). Let z be -1 - (c/5 + 4). Let w be (-2)/22 - (-1246)/154. What is the highest common divis